{"id":14,"date":"2023-09-12T16:32:52","date_gmt":"2023-09-12T14:32:52","guid":{"rendered":"https:\/\/signalement.universite-lyon.fr\/?page_id=14"},"modified":"2024-04-16T11:42:54","modified_gmt":"2024-04-16T09:42:54","slug":"numero-durgence","status":"publish","type":"page","link":"https:\/\/signalement.universite-lyon.fr\/?page_id=14","title":{"rendered":"Politique de confidentialit\u00e9"},"content":{"rendered":"\n<h5 class=\"wp-block-heading\">Objet du traitement<\/h5>\n\n\n\n<div class=\"wp-block-group has-global-padding is-layout-constrained wp-block-group-is-layout-constrained\">\n<p>En saisissant vos informations de contact, et seulement \u00e0 ce moment-l\u00e0, vous permettez la collecte et le traitement de vos donn\u00e9es \u00e0 caract\u00e8re personnel dans l&rsquo;unique but de trouver une solution \u00e0 la situation de discrimination, de harc\u00e8lement ou de violence \u00e0 caract\u00e8re sexiste ou sexuel que vous portez \u00e0 notre connaissance.<\/p>\n\n\n\n<p>Avec votre accord, ces donn\u00e9es pourront \u00eatre consult\u00e9es et exploit\u00e9es par la cellule de veille de la ComUE Lyon Saint-Etienne (compos\u00e9e de la personne r\u00e9f\u00e9rente sur les questions de harc\u00e8lement, discriminations et violences sexistes et sexuelle et d\u2019une personne \u00e9coutante partie prenante de l\u2019entretien), par la commission pluridisciplinaire charg\u00e9e d\u2019instruire ce signalement, ainsi que par les instances de l\u2019\u00e9tablissement qui interviendront le cas \u00e9ch\u00e9ant au cours de l\u2019enqu\u00eate administrative et du traitement disciplinaire.<\/p>\n\n\n\n<h5 class=\"wp-block-heading\"><br>Protection des donn\u00e9es \u00e0 caract\u00e8re personnel<\/h5>\n\n\n\n<p>Conform\u00e9ment \u00e0 la loi \u00ab informatique et libert\u00e9s \u00bb du 6 janvier 1978 modifi\u00e9e par la loi 6 Ao\u00fbt 2004, le r\u00e8glement (UE) 2016\/679 du Parlement europ\u00e9en et du Conseil du 27 avril 2016 applicable depuis le 25 mai 2018, et la loi du 21 Juin 2014 pour la confiance dans l\u2019Economie Num\u00e9rique, la ComUE s\u2019engage \u00e0 respecter la r\u00e9glementation en vigueur applicable au traitement de donn\u00e9es \u00e0 caract\u00e8re personnel.<\/p>\n\n\n\n<p>La ComUE Lyon Saint-Etienne s\u2019engage \u00e0 traiter les donn\u00e9es obtenues avec la plus enti\u00e8re confidentialit\u00e9 et \u00e0 prendre toutes les pr\u00e9cautions n\u00e9cessaires afin de pr\u00e9server la s\u00e9curit\u00e9 des informations. La ComUE veillera \u00e0 ce que ces donn\u00e9es ne soient pas utilis\u00e9es \u00e0 d&rsquo;autres fins que celles d\u00e9finies ci-dessus et qu\u2019elles ne soient pas communiqu\u00e9es \u00e0 des personnes non autoris\u00e9es.<br><\/p>\n\n\n\n<h5 class=\"wp-block-heading\">Dur\u00e9e de conservation des donn\u00e9es<\/h5>\n\n\n\n<p>Ces donn\u00e9es seront conserv\u00e9es pour une dur\u00e9e de 3 (trois) ans maximum.<\/p>\n\n\n\n<h5 class=\"wp-block-heading\"><br>Droits des personnes<\/h5>\n\n\n\n<p>Conform\u00e9ment aux dispositions l\u00e9gales et r\u00e9glementaires en vigueur, vous b\u00e9n\u00e9ficiez des droits suivants :<\/p>\n\n\n\n<ul class=\"wp-block-list\">\n<li>le droit d\u2019opposition : vous pouvez \u00e0 tout moment vous opposer au traitement de vos donn\u00e9es et de retirer votre consentement,<\/li>\n\n\n\n<li>le droit d\u2019acc\u00e8s et de rectification de vos donn\u00e9es,<\/li>\n\n\n\n<li>le droit d\u2019effacement des informations vous concernant,<\/li>\n\n\n\n<li>le droit \u00e0 une utilisation restreinte lorsque vos donn\u00e9es ne sont pas n\u00e9cessaires ou ne sont plus utiles.<\/li>\n<\/ul>\n\n\n\n<p>Si vous estimez, apr\u00e8s nous avoir contact\u00e9s, que vos droits Informatique et Libert\u00e9s ne sont pas respect\u00e9s, vous avez la possibilit\u00e9 d&rsquo;introduire une r\u00e9clamation en ligne ou par courriel postal aupr\u00e8s de la CNIL.<\/p>\n\n\n\n<h5 class=\"wp-block-heading\"><br>Contact<\/h5>\n\n\n\n<p>Vous pouvez exercer ces droits en vous adressant \u00e0 <a href=\"mailto:dpo@universite-lyon.fr\">dpo@universite-lyon.fr<\/a><\/p>\n\n\n\n<p>Alina SOROKINA, en tant que r\u00e9f\u00e9rente sur les questions de harc\u00e8lement, discriminations et violences sexistes et sexuelle et responsable du suivi de ce signalement, se tient \u00e0 disposition pour r\u00e9pondre \u00e0 vos interrogations.<\/p>\n\n\n\n<p><a href=\"mailto:signalement@universite-lyon.fr\">signalement@universite-lyon.fr<\/a><\/p>\n<\/div>\n","protected":false},"excerpt":{"rendered":"<p>Objet du traitement En saisissant vos informations de contact, et seulement \u00e0 ce moment-l\u00e0, vous permettez la collecte et le traitement de vos donn\u00e9es \u00e0 caract\u00e8re personnel dans l&rsquo;unique but de trouver une solution \u00e0 la situation de discrimination, de harc\u00e8lement ou de violence \u00e0 caract\u00e8re sexiste ou sexuel que vous portez \u00e0 notre connaissance. [&hellip;]<\/p>\n","protected":false},"author":1,"featured_media":0,"parent":0,"menu_order":0,"comment_status":"closed","ping_status":"closed","template":"","meta":{"footnotes":""},"class_list":["post-14","page","type-page","status-publish","hentry"],"_links":{"self":[{"href":"https:\/\/signalement.universite-lyon.fr\/index.php?rest_route=\/wp\/v2\/pages\/14","targetHints":{"allow":["GET"]}}],"collection":[{"href":"https:\/\/signalement.universite-lyon.fr\/index.php?rest_route=\/wp\/v2\/pages"}],"about":[{"href":"https:\/\/signalement.universite-lyon.fr\/index.php?rest_route=\/wp\/v2\/types\/page"}],"author":[{"embeddable":true,"href":"https:\/\/signalement.universite-lyon.fr\/index.php?rest_route=\/wp\/v2\/users\/1"}],"replies":[{"embeddable":true,"href":"https:\/\/signalement.universite-lyon.fr\/index.php?rest_route=%2Fwp%2Fv2%2Fcomments&post=14"}],"version-history":[{"count":9,"href":"https:\/\/signalement.universite-lyon.fr\/index.php?rest_route=\/wp\/v2\/pages\/14\/revisions"}],"predecessor-version":[{"id":93,"href":"https:\/\/signalement.universite-lyon.fr\/index.php?rest_route=\/wp\/v2\/pages\/14\/revisions\/93"}],"wp:attachment":[{"href":"https:\/\/signalement.universite-lyon.fr\/index.php?rest_route=%2Fwp%2Fv2%2Fmedia&parent=14"}],"curies":[{"name":"wp","href":"https:\/\/api.w.org\/{rel}","templated":true}]}}